{"id":200,"date":"2013-06-07T11:05:37","date_gmt":"2013-06-07T11:05:37","guid":{"rendered":"http:\/\/demo.woothemes.com\/woocommerce\/?post_type=product&#038;p=53"},"modified":"2026-03-24T00:00:07","modified_gmt":"2026-03-23T23:00:07","slug":"fatal-tomor-harsfabol-180mm","status":"publish","type":"product","link":"https:\/\/www.vodnymlynkovacova.sk\/hu\/produkt\/drevena-miska-z-masivneho-lipoveho-dreva-180mm\/","title":{"rendered":"Massz\u00edv h\u00e1rsf\u00e1b\u00f3l k\u00e9sz\u00fclt t\u00e1l -180mm<span class=\"codevz-product-category-after-title\">Konyhai kieg\u00e9sz\u00edt\u0151k<\/span>"},"content":{"rendered":"<div class=\"wpb-content-wrapper\"><div class=\"vc_row wpb_row vc_row-fluid\"><div class=\"wpb_column vc_column_container vc_col-sm-12\"><div class=\"vc_column-inner\"><div class=\"wpb_wrapper\">\n\t<div class=\"wpb_text_column wpb_content_element\" >\n\t\t<div class=\"wpb_wrapper\">\n\t\t\t<p>Massz\u00edv h\u00e1rsf\u00e1b\u00f3l k\u00e9sz\u00fclt t\u00e1l, term\u00e9szetes \u00e9s eszt\u00e9tikus v\u00e1laszt\u00e1s, ha minimaliz\u00e1lni szeretn\u00e9 a m\u0171anyagot a konyh\u00e1ban \u00e9s az asztalon.<br \/>\nIde\u00e1lis sz\u00e1raz \u00e9telek, di\u00f3, gy\u00fcm\u00f6lcs, p\u00e9ks\u00fctem\u00e9ny vagy frissen \u0151r\u00f6lt liszt t\u00e1lal\u00e1s\u00e1hoz<br \/>\nMinden t\u00e1l k\u00e9zzel k\u00e9sz\u00edtett \u00e9s term\u00e9szetes kezel\u00e9ssel, hossz\u00fa \u00e9lettartam \u00e9rdek\u00e9ben.<\/p>\n<p>Mi\u00e9rt fogja szeretni:<br \/>\n- Term\u00e9szetes \u00e9s \u00f6kol\u00f3giai anyag<br \/>\n- Mindennapi haszn\u00e1latra alkalmas<br \/>\n- Rusztikus \u00e9s modern konyh\u00e1ban is sz\u00e9pen mutat<br \/>\n- Ide\u00e1lis otthoni s\u00fct\u00e9shez \u00e9s \u0151rl\u0151kh\u00f6z<\/p>\n<p>Gondoz\u00e1s:<br \/>\n- Nem alkalmas folyad\u00e9kok t\u00e1rol\u00e1s\u00e1ra, r\u00f6vid \u00e9rint\u00e9s lehets\u00e9ges<br \/>\n- Nem mosogat\u00f3g\u00e9pbe val\u00f3, csak nedves ruh\u00e1val t\u00f6r\u00f6lje, majd hagyja megsz\u00e1radni<\/p>\n<p>M\u00e9ret:<br \/>\n- \u00c1tm\u00e9r\u0151: 180 mm, 250 mm; magass\u00e1g: 7,5 cm<\/p>\n\n\t\t<\/div>\n\t<\/div>\n<\/div><\/div><\/div><\/div>\n<\/div>","protected":false},"excerpt":{"rendered":"<p><span style=\"color: #654321;\">Mas\u00edvna dreven\u00e1 miska z lipov\u00e9ho dreva je prirodzen\u00e1 a &#8230; <\/p>","protected":false},"featured_media":1635,"template":"","meta":[],"product_brand":[],"product_cat":[101],"product_tag":[],"class_list":{"0":"post-200","1":"product","2":"type-product","3":"status-publish","4":"has-post-thumbnail","6":"product_cat-doplnky-do-kuchyne","8":"first","9":"instock","10":"shipping-taxable","11":"purchasable","12":"product-type-simple"},"_links":{"self":[{"href":"https:\/\/www.vodnymlynkovacova.sk\/hu\/wp-json\/wp\/v2\/product\/200","targetHints":{"allow":["GET"]}}],"collection":[{"href":"https:\/\/www.vodnymlynkovacova.sk\/hu\/wp-json\/wp\/v2\/product"}],"about":[{"href":"https:\/\/www.vodnymlynkovacova.sk\/hu\/wp-json\/wp\/v2\/types\/product"}],"wp:featuredmedia":[{"embeddable":true,"href":"https:\/\/www.vodnymlynkovacova.sk\/hu\/wp-json\/wp\/v2\/media\/1635"}],"wp:attachment":[{"href":"https:\/\/www.vodnymlynkovacova.sk\/hu\/wp-json\/wp\/v2\/media?parent=200"}],"wp:term":[{"taxonomy":"product_brand","embeddable":true,"href":"https:\/\/www.vodnymlynkovacova.sk\/hu\/wp-json\/wp\/v2\/product_brand?post=200"},{"taxonomy":"product_cat","embeddable":true,"href":"https:\/\/www.vodnymlynkovacova.sk\/hu\/wp-json\/wp\/v2\/product_cat?post=200"},{"taxonomy":"product_tag","embeddable":true,"href":"https:\/\/www.vodnymlynkovacova.sk\/hu\/wp-json\/wp\/v2\/product_tag?post=200"}],"curies":[{"name":"wp","href":"https:\/\/api.w.org\/{rel}","templated":true}]}}

Masszív hársfából készült tál -180mm<span class="codevz-product-category-after-title">Konyhai kiegészítők</span>

<div class="wpb-content-wrapper"><div class="vc_row wpb_row vc_row-fluid"><div class="wpb_column vc_column_container vc_col-sm-12"><div class="vc_column-inner"><div class="wpb_wrapper">
	<div class="wpb_text_column wpb_content_element" >
		<div class="wpb_wrapper">
			<p>Masszív hársfából készült tál, természetes és esztétikus választás, ha minimalizálni szeretné a műanyagot a konyhában és az asztalon.<br />
Ideális száraz ételek, dió, gyümölcs, péksütemény vagy frissen őrölt liszt tálalásához<br />
Minden tál kézzel készített és természetes kezeléssel, hosszú élettartam érdekében.</p>
<p>Miért fogja szeretni:<br />
- Természetes és ökológiai anyag<br />
- Mindennapi használatra alkalmas<br />
- Rusztikus és modern konyhában is szépen mutat<br />
- Ideális otthoni sütéshez és őrlőkhöz</p>
<p>Gondozás:<br />
- Nem alkalmas folyadékok tárolására, rövid érintés lehetséges<br />
- Nem mosogatógépbe való, csak nedves ruhával törölje, majd hagyja megszáradni</p>
<p>Méret:<br />
- Átmérő: 180 mm, 250 mm; magasság: 7,5 cm</p>

		</div>
	</div>
</div></div></div></div>
</div>

<p><span style="color: #654321;">Masívna drevená miska z lipového dreva je prirodzená a &#8230; </p>
