{"id":199,"date":"2013-06-07T11:03:56","date_gmt":"2013-06-07T11:03:56","guid":{"rendered":"http:\/\/demo.woothemes.com\/woocommerce\/?post_type=product&#038;p=50"},"modified":"2026-03-23T23:46:17","modified_gmt":"2026-03-23T22:46:17","slug":"fabol-keszult-elelmiszer-tartalyok-es-hordok","status":"publish","type":"product","link":"https:\/\/www.vodnymlynkovacova.sk\/hu\/produkt\/drevene-dozy-a-sudky-na-potraviny\/","title":{"rendered":"Di\u00f3- \u00e9s lisztt\u00e1rol\u00f3 faed\u00e9nyek<span class=\"codevz-product-category-after-title\">Konyhai kieg\u00e9sz\u00edt\u0151k<\/span>"},"content":{"rendered":"<div class=\"wpb-content-wrapper\"><div class=\"vc_row wpb_row vc_row-fluid\"><div class=\"wpb_column vc_column_container vc_col-sm-12\"><div class=\"vc_column-inner\"><div class=\"wpb_wrapper\">\n\t<div class=\"wpb_text_column wpb_content_element\" >\n\t\t<div class=\"wpb_wrapper\">\n\t\t\t<p>A faed\u00e9nyek hagyom\u00e1nyos \u00e9s term\u00e9szetes megold\u00e1st k\u00edn\u00e1lnak a sz\u00e1raz alapanyagok t\u00e1rol\u00e1s\u00e1ra.<br \/>\nA massz\u00edv h\u00e1rsf\u00e1b\u00f3l k\u00e9sz\u00fclt ed\u00e9nyek lenolajjal kezeltek, m\u0171anyagmentesek.\nIde\u00e1lisak liszt, gabona, cukor, k\u00e1v\u00e9, h\u00fcvelyesek, f\u0171szerek t\u00e1rol\u00e1s\u00e1ra.<\/p>\n<p>Mi\u00e9rt v\u00e1lasszon f\u00e1b\u00f3l k\u00e9sz\u00fclt \u00e9lelmiszerdobozt<br \/>\n- term\u00e9szetes anyag m\u0171anyag n\u00e9lk\u00fcl<br \/>\n- Alkalmas sz\u00e1raz \u00f6mlesztett \u00e9lelmiszerekhez<br \/>\n- hagyom\u00e1nyos megjelen\u00e9s rusztikus \u00e9s modern konyh\u00e1khoz egyar\u00e1nt<br \/>\n- praktikus t\u00e1rol\u00e1s a kamr\u00e1ban<br \/>\n- ide\u00e1lis otthoni s\u00fct\u00e9shez \u00e9s liszt\u0151rl\u0151kh\u00f6z<\/p>\n<p>A massz\u00edv h\u00e1rsf\u00e1b\u00f3l k\u00e9sz\u00fclt ed\u00e9nyek lenolajjal kezeltek, m\u0171anyagmentesek.\nIde\u00e1lisak liszt, gabona, cukor, k\u00e1v\u00e9, h\u00fcvelyesek, f\u0171szerek t\u00e1rol\u00e1s\u00e1ra.<br \/>\nV\u00e1lasszon min\u0151s\u00e9gi, h\u00e1rsf\u00e1b\u00f3l k\u00e9sz\u00fclt f\u00e1b\u00f3l k\u00e9sz\u00fclt \u00e9teldobozt, \u00e9s adjon konyh\u00e1j\u00e1nak term\u00e9szetes \u00e9s id\u0151tlen megjelen\u00e9st.<\/p>\n<p>M\u00e9ret:<br \/>\n- kb. 1 kg \u2013 magass\u00e1g: 17,1 cm, \u00e1tm\u00e9r\u0151: 15,5 cm<\/p>\n\n\t\t<\/div>\n\t<\/div>\n<\/div><\/div><\/div><\/div>\n<\/div>","protected":false},"excerpt":{"rendered":"<p><span style=\"color: #654321;\">Dreven\u00e9 d\u00f3zy a s\u00fadky na potraviny s\u00fa tradi\u010dn\u00fdm a &#8230; <\/p>","protected":false},"featured_media":1633,"template":"","meta":[],"product_brand":[],"product_cat":[101],"product_tag":[],"class_list":{"0":"post-199","1":"product","2":"type-product","3":"status-publish","4":"has-post-thumbnail","6":"product_cat-doplnky-do-kuchyne","8":"first","9":"instock","10":"shipping-taxable","11":"purchasable","12":"product-type-simple"},"_links":{"self":[{"href":"https:\/\/www.vodnymlynkovacova.sk\/hu\/wp-json\/wp\/v2\/product\/199","targetHints":{"allow":["GET"]}}],"collection":[{"href":"https:\/\/www.vodnymlynkovacova.sk\/hu\/wp-json\/wp\/v2\/product"}],"about":[{"href":"https:\/\/www.vodnymlynkovacova.sk\/hu\/wp-json\/wp\/v2\/types\/product"}],"wp:featuredmedia":[{"embeddable":true,"href":"https:\/\/www.vodnymlynkovacova.sk\/hu\/wp-json\/wp\/v2\/media\/1633"}],"wp:attachment":[{"href":"https:\/\/www.vodnymlynkovacova.sk\/hu\/wp-json\/wp\/v2\/media?parent=199"}],"wp:term":[{"taxonomy":"product_brand","embeddable":true,"href":"https:\/\/www.vodnymlynkovacova.sk\/hu\/wp-json\/wp\/v2\/product_brand?post=199"},{"taxonomy":"product_cat","embeddable":true,"href":"https:\/\/www.vodnymlynkovacova.sk\/hu\/wp-json\/wp\/v2\/product_cat?post=199"},{"taxonomy":"product_tag","embeddable":true,"href":"https:\/\/www.vodnymlynkovacova.sk\/hu\/wp-json\/wp\/v2\/product_tag?post=199"}],"curies":[{"name":"wp","href":"https:\/\/api.w.org\/{rel}","templated":true}]}}

Dió- és liszttároló faedények<span class="codevz-product-category-after-title">Konyhai kiegészítők</span>

<div class="wpb-content-wrapper"><div class="vc_row wpb_row vc_row-fluid"><div class="wpb_column vc_column_container vc_col-sm-12"><div class="vc_column-inner"><div class="wpb_wrapper">
	<div class="wpb_text_column wpb_content_element" >
		<div class="wpb_wrapper">
			<p>A faedények hagyományos és természetes megoldást kínálnak a száraz alapanyagok tárolására.<br />
A masszív hársfából készült edények lenolajjal kezeltek, műanyagmentesek.
Ideálisak liszt, gabona, cukor, kávé, hüvelyesek, fűszerek tárolására.</p>
<p>Miért válasszon fából készült élelmiszerdobozt<br />
- természetes anyag műanyag nélkül<br />
- Alkalmas száraz ömlesztett élelmiszerekhez<br />
- hagyományos megjelenés rusztikus és modern konyhákhoz egyaránt<br />
- praktikus tárolás a kamrában<br />
- ideális otthoni sütéshez és lisztőrlőkhöz</p>
<p>A masszív hársfából készült edények lenolajjal kezeltek, műanyagmentesek.
Ideálisak liszt, gabona, cukor, kávé, hüvelyesek, fűszerek tárolására.<br />
Válasszon minőségi, hársfából készült fából készült ételdobozt, és adjon konyhájának természetes és időtlen megjelenést.</p>
<p>Méret:<br />
- kb. 1 kg – magasság: 17,1 cm, átmérő: 15,5 cm</p>

		</div>
	</div>
</div></div></div></div>
</div>

<p><span style="color: #654321;">Drevené dózy a súdky na potraviny sú tradičným a &#8230; </p>
