{"id":1394,"date":"2026-03-09T02:41:37","date_gmt":"2026-03-09T01:41:37","guid":{"rendered":"https:\/\/www.vodnymlynkovacova.sk\/?page_id=1394"},"modified":"2026-03-24T10:44:53","modified_gmt":"2026-03-24T09:44:53","slug":"tamogass-minket-2","status":"publish","type":"page","link":"https:\/\/www.vodnymlynkovacova.sk\/hu\/podporte-nas-2\/","title":{"rendered":"T\u00e1mogasson minket (2 %)"},"content":{"rendered":"<div class=\"wpb-content-wrapper\"><div class=\"vc_row wpb_row vc_row-fluid vc_custom_1556484376874\"><div class=\"wpb_column vc_column_container vc_col-sm-12\"><div class=\"vc_column-inner\"><div class=\"wpb_wrapper\"><div class=\"cz_gap clr\" style=\"height: 20px\"><\/div><\/div><\/div><\/div><\/div><div class=\"vc_row wpb_row vc_row-fluid vc_custom_1773938155594\"><div class=\"wpb_column vc_column_container vc_col-sm-12\"><div class=\"vc_column-inner\"><div class=\"wpb_wrapper\">\n\t<div class=\"wpb_text_column wpb_content_element vc_custom_1774345490156\" >\n\t\t<div class=\"wpb_wrapper\">\n\t\t\t<h2 style=\"text-align: center;\"><span style=\"font-family: Verdana;\">T\u00e1mogasson minket 2%<\/span><\/h2>\n<p>&nbsp;<\/p>\n<p><span style=\"font-family: Verdana; color: #654321; font-size: 22px;\"><b>T\u00e1mogassa munk\u00e1nkat \u2013 seg\u00edtsen meg\u0151rizni a v\u00edzimalmot<\/b><\/span><\/p>\n<p><span style=\"font-family: Verdana; color: #654321;\"><span style=\"font-size: large;\"><b>A Kiskov\u00e1csv\u00e1g\u00e1si v\u00edzimalom<\/b><\/span><span style=\"font-size: large;\"> civil szervezetk\u00e9nt m\u0171k\u00f6dik, amely 2020. janu\u00e1r 21-\u00e9n alakult. C\u00e9lunk <\/span><span style=\"font-size: large;\"><b>\u0151seink kultur\u00e1lis \u00e9rt\u00e9keinek \u00e9s hagyom\u00e1nyainak meg\u0151rz\u00e9se,<\/b><\/span><span style=\"font-size: large;\"> k\u00fcl\u00f6n\u00f6sen <\/span><span style=\"font-size: large;\"><b>a v\u00edzimalom fenntart\u00e1sa,<\/b><\/span><span style=\"font-size: large;\"> hogy az a j\u00f6v\u0151 gener\u00e1ci\u00f3i sz\u00e1m\u00e1ra is fennmaradjon.<\/span><\/span><\/p>\n<p><span style=\"font-family: Verdana; color: #654321; font-size: 22px;\"><b>Mi\u00e9rt \u00e9rdemes t\u00e1mogatni minket?<\/b><\/span><\/p>\n<p><span style=\"font-family: Verdana; color: #654321;\"><span style=\"font-size: large;\">Az \u00d6n t\u00e1mogat\u00e1sa seg\u00edt t\u00f6bbek k\u00f6z\u00f6tt:<\/span><\/span><\/p>\n<ul style=\"margin-bottom: 30px;\">\n<li><span style=\"font-family: Verdana; color: #654321;\"><span style=\"font-size: large;\">a malom \u00e9s a m\u0171szaki berendez\u00e9sek karbantart\u00e1s\u00e1ban \u00e9s jav\u00edt\u00e1s\u00e1ban<\/span><\/span><\/li>\n<li><span style=\"font-family: Verdana; color: #654321;\"><span style=\"font-size: large;\">a ki\u00e1ll\u00edt\u00e1s meg\u00faj\u00edt\u00e1s\u00e1ban \u00e9s fejleszt\u00e9s\u00e9ben<\/span><\/span><\/li>\n<li><span style=\"font-family: Verdana; color: #654321;\"><span style=\"font-size: large;\">oktat\u00e1si, kultur\u00e1lis \u00e9s k\u00f6z\u00f6ss\u00e9gi programok szervez\u00e9s\u00e9ben (hagyom\u00e1nyok \u00e9s mesters\u00e9gek)<\/span><\/span><\/li>\n<\/ul>\n<p><span style=\"font-family: Verdana; color: #654321; font-size: 22px;\"><b>Ad\u00f3ja 2%-a<\/b><\/span><\/p>\n<p><strong><span style=\"font-family: Verdana; color: #654321;\"><span style=\"font-size: large;\">A kedvezm\u00e9nyezett adatai:<\/span><\/span><\/strong><\/p>\n<p><span style=\"font-family: Verdana; color: #654321;\"><span style=\"font-size: large;\">N\u00e9v: <\/span><span style=\"font-size: large;\"><b>VODN\u00dd MLYN KOV\u00c1\u010cOV\u00c1<\/b><\/span><span style=\"font-size: large;\"><br \/>\nI\u010cO: 52916430<br \/>\nSz\u00e9khely: Kov\u00e1\u010dov\u00e1 60, 049 42 Kov\u00e1\u010dov\u00e1, Szlov\u00e1kia<\/span><\/span><\/p>\n<p><span style=\"font-family: Verdana; color: #654321; font-size: 22px;\"><b>Hogyan aj\u00e1nlhatja fel ad\u00f3ja 2%-\u00e1t?<\/b><\/span><\/p>\n<p><span style=\"font-family: Verdana; color: #654321;\"><span style=\"font-size: large;\"><b>Alkalmazottk\u00e9nt:<\/b><\/span><\/span><\/p>\n<ol style=\"margin-bottom: 25px;color: #654321;\">\n<li><span style=\"font-family: Verdana; color: #654321;\"><span style=\"font-size: large;\">K\u00e9rje munk\u00e1ltat\u00f3j\u00e1t\u00f3l <\/span><span style=\"font-size: large;\"><b>az ad\u00f3 befizet\u00e9s\u00e9r\u0151l sz\u00f3l\u00f3 igazol\u00e1st<\/b><\/span><span style=\"font-size: large;\">.<\/span><\/span><\/li>\n<li><span style=\"font-family: Verdana; color: #654321;\"><span style=\"font-size: large;\">T\u00f6ltse ki a <\/span><span style=\"font-size: large;\"><b>nyilatkozatot az ad\u00f3 2%-\u00e1nak felaj\u00e1nl\u00e1s\u00e1r\u00f3l.<\/b><\/span><\/span><\/li>\n<li><span style=\"font-family: Verdana; color: #654321;\"><span style=\"font-size: large;\">A dokumentumokat adja le az <\/span><span style=\"font-size: large;\"><b>ad\u00f3hivataln\u00e1l<\/b><\/span><span style=\"font-size: large;\"> az aktu\u00e1lis hat\u00e1rid\u0151n bel\u00fcl.<\/span><\/span><\/li>\n<li><span style=\"font-family: Verdana; color: #654321;\"><span style=\"font-size: large;\">\u0170rlap let\u00f6lt\u00e9se: <\/span><span style=\"font-size: large;\"><b>Nyilatkozat az ad\u00f3 2%-\u00e1nak felaj\u00e1nl\u00e1s\u00e1r\u00f3l (PDF)<\/b><\/span><\/span><\/li>\n<\/ol>\n<p><span style=\"font-family: Verdana; color: #654321;\"><span style=\"font-size: large;\"><b>V\u00e1llalkoz\u00f3k\u00e9nt \/ c\u00e9gk\u00e9nt:<\/b><\/span><\/span><\/p>\n<ol style=\"margin-bottom: 25px;color: #654321;\">\n<li><span style=\"font-family: Verdana; color: #654321;\"><span style=\"font-size: large;\">Az ad\u00f3bevall\u00e1sban t\u00f6ltse ki a kedvezm\u00e9nyezett adatait (2%).<\/span><\/span><\/li>\n<li><span style=\"font-family: Verdana; color: #654321;\"><span style=\"font-size: large;\">Ny\u00fajtsa be az <\/span><span style=\"font-size: large;\"><b>ad\u00f3bevall\u00e1st.<\/b><\/span><\/span><\/li>\n<\/ol>\n<p><span style=\"font-family: Verdana; color: #654321;\"><span style=\"font-size: large;\"><b>Megjegyz\u00e9s:<\/b><\/span><span style=\"font-size: large;\"> Ha seg\u00edts\u00e9gre van sz\u00fcks\u00e9ge a kit\u00f6lt\u00e9shez, nyugodtan h\u00edvjon minket \u2013 sz\u00edvesen seg\u00edt\u00fcnk.<\/span><\/span><\/p>\n<p><span style=\"font-family: Verdana; color: #654321; font-size: 22px;\"><b>Adom\u00e1ny banksz\u00e1ml\u00e1ra<\/b><\/span><\/p>\n<p><span style=\"font-family: Verdana; color: #654321;\"><span style=\"font-size: large;\">Ha k\u00f6zvetlen\u00fcl szeretn\u00e9 t\u00e1mogatni munk\u00e1nkat (ak\u00e1r k\u00fclf\u00f6ldr\u0151l is), adom\u00e1ny\u00e1t az al\u00e1bbi sz\u00e1ml\u00e1ra utalhatja:<\/span><\/span><\/p>\n<p><span style=\"font-family: Verdana; color: #654321;\"><span style=\"font-size: large;\"><b>IBAN:<\/b><\/span><span style=\"font-size: large;\"> SK56 8330 0000 0020 0194 5128<br \/>\n<\/span><span style=\"font-size: large;\"><b>BIC\/SWIFT:<\/b><\/span><span style=\"font-size: large;\"> FIOZSKBAXXX<br \/>\n<\/span><span style=\"font-size: large;\"><b>Bank:<\/b><\/span><span style=\"font-size: large;\"> Fio banka, a.s., k\u00fclf\u00f6ldi bankfi\u00f3k<\/span><\/span><\/p>\n<p><span style=\"font-family: Verdana; color: #654321;\"><span style=\"font-size: large;\"><b>K\u00f6zlem\u00e9ny:<\/b><\/span><span style=\"font-size: large;\"> Adom\u00e1ny \u2013 Vodn\u00fd mlyn Kov\u00e1\u010dov\u00e1<\/span><\/span><\/p>\n<h2><\/h2>\n<p>&nbsp;<\/p>\n<h2 style=\"text-align: center;\"><span style=\"font-family: Verdana; color: #654321;\"><span style=\"font-size: 40px;\"><b>K\u00f6sz\u00f6nj\u00fck<\/b><\/span><\/span><\/h2>\n<p>&nbsp;<\/p>\n<p style=\"text-align: left;\"><span style=\"font-family: Verdana; color: #654321;\"><span style=\"font-size: large;\">Minden felaj\u00e1nlott <\/span><span style=\"font-size: large;\"><b>2%<\/b><\/span><span style=\"font-size: large;\"> \u00e9s minden adom\u00e1ny hozz\u00e1j\u00e1rul ahhoz, hogy a v\u00edzimalom <\/span><span style=\"font-size: large;\"><b>\u00e9l\u0151 \u00f6r\u00f6ks\u00e9g maradjon a k\u00f6vetkez\u0151 gener\u00e1ci\u00f3k sz\u00e1m\u00e1ra<\/b><\/span><span style=\"font-size: large;\">. K\u00f6sz\u00f6nj\u00fck t\u00e1mogat\u00e1s\u00e1t!<\/span><\/span><\/p>\n<p style=\"text-align: left;\"><span style=\"font-family: Verdana; color: #654321;\"><span style=\"font-size: large;\"><b>A civil szervezetr\u0151l<\/b><\/span><\/span><\/p>\n<p style=\"text-align: left;\"><span style=\"font-family: Verdana; color: #654321;\"><span style=\"font-size: large;\">A Vodn\u00fd mlyn Kov\u00e1\u010dov\u00e1 civil szervezet 2020. janu\u00e1r 21-\u00e9n j\u00f6tt l\u00e9tre. K\u00fcldet\u00e9s\u00fcnk:<\/span><\/span><\/p>\n<ul style=\"text-align: left;\">\n<li><span style=\"font-family: Verdana; color: #654321;\"><span style=\"font-size: large;\">a hagyom\u00e1nyok \u00fajj\u00e1\u00e9leszt\u00e9se \u00e9s \u0151seink kultur\u00e1lis \u00f6r\u00f6ks\u00e9g\u00e9nek meg\u0151rz\u00e9se<\/span><\/span><\/li>\n<li><span style=\"font-family: Verdana; color: #654321;\"><span style=\"font-size: large;\">oktat\u00e1si \u00e9s kultur\u00e1lis-k\u00f6z\u00f6ss\u00e9gi programok szervez\u00e9se a n\u00e9pi hagyom\u00e1nyok \u00e9s mesters\u00e9gek ter\u00fclet\u00e9n<\/span><\/span><\/li>\n<li><span style=\"font-family: Verdana; color: #654321;\"><span style=\"font-size: large;\">a region\u00e1lis turizmus t\u00e1mogat\u00e1sa \u00e9s fejleszt\u00e9se, valamint a t\u00e9rs\u00e9g pozit\u00edv bemutat\u00e1sa<\/span><\/span><\/li>\n<\/ul>\n<p>&nbsp;<\/p>\n\n\t\t<\/div>\n\t<\/div>\n<\/div><\/div><\/div><\/div><div class=\"vc_row wpb_row vc_row-fluid\"><div class=\"wpb_column vc_column_container vc_col-sm-6\"><div class=\"vc_column-inner\"><div class=\"wpb_wrapper\">\n\t<div  class=\"wpb_single_image wpb_content_element vc_align_center wpb_content_element\">\n\t\t\n\t\t<figure class=\"wpb_wrapper vc_figure\">\n\t\t\t<div class=\"vc_single_image-wrapper   vc_box_border_grey\"><img decoding=\"async\" width=\"320\" height=\"284\" src=\"https:\/\/www.vodnymlynkovacova.sk\/wp-content\/uploads\/2026\/03\/320megvalosult.jpg\" class=\"vc_single_image-img attachment-full\" alt=\"320megvalosult\" srcset=\"https:\/\/www.vodnymlynkovacova.sk\/wp-content\/uploads\/2026\/03\/320megvalosult.jpg 320w, https:\/\/www.vodnymlynkovacova.sk\/wp-content\/uploads\/2026\/03\/320megvalosult-300x266.jpg 300w, https:\/\/www.vodnymlynkovacova.sk\/wp-content\/uploads\/2026\/03\/320megvalosult-14x12.jpg 14w\" sizes=\"auto, (max-width: 320px) 100vw, 320px\" loading=\"lazy\" title=\"\"><\/div>\n\t\t<\/figure>\n\t<\/div>\n<\/div><\/div><\/div><div class=\"wpb_column vc_column_container vc_col-sm-6\"><div class=\"vc_column-inner\"><div class=\"wpb_wrapper\">\n\t<div  class=\"wpb_single_image wpb_content_element vc_align_center wpb_content_element\">\n\t\t\n\t\t<figure class=\"wpb_wrapper vc_figure\">\n\t\t\t<div class=\"vc_single_image-wrapper   vc_box_border_grey\"><img decoding=\"async\" width=\"320\" height=\"284\" src=\"https:\/\/www.vodnymlynkovacova.sk\/wp-content\/uploads\/2026\/03\/320gabor.jpg\" class=\"vc_single_image-img attachment-full\" alt=\"320db\" srcset=\"https:\/\/www.vodnymlynkovacova.sk\/wp-content\/uploads\/2026\/03\/320gabor.jpg 320w, https:\/\/www.vodnymlynkovacova.sk\/wp-content\/uploads\/2026\/03\/320gabor-300x266.jpg 300w, https:\/\/www.vodnymlynkovacova.sk\/wp-content\/uploads\/2026\/03\/320gabor-14x12.jpg 14w\" sizes=\"auto, (max-width: 320px) 100vw, 320px\" loading=\"lazy\" title=\"\"><\/div>\n\t\t<\/figure>\n\t<\/div>\n<\/div><\/div><\/div><\/div>\n<\/div>","protected":false},"excerpt":{"rendered":"Podporte n\u00e1s 2% &nbsp; Podporte n\u00e1s \u2013 pom\u00f4\u017ete zachova\u0165 mlyn Vodn\u00fd mlyn Kov\u00e1\u010dov\u00e1 je ob\u010dianske zdru\u017eenie zalo\u017een\u00e9 21. 1. 2020.","protected":false},"author":1,"featured_media":0,"parent":0,"menu_order":0,"comment_status":"closed","ping_status":"closed","template":"","meta":{"footnotes":""},"class_list":["post-1394","page","type-page","status-publish","hentry"],"_links":{"self":[{"href":"https:\/\/www.vodnymlynkovacova.sk\/hu\/wp-json\/wp\/v2\/pages\/1394","targetHints":{"allow":["GET"]}}],"collection":[{"href":"https:\/\/www.vodnymlynkovacova.sk\/hu\/wp-json\/wp\/v2\/pages"}],"about":[{"href":"https:\/\/www.vodnymlynkovacova.sk\/hu\/wp-json\/wp\/v2\/types\/page"}],"author":[{"embeddable":true,"href":"https:\/\/www.vodnymlynkovacova.sk\/hu\/wp-json\/wp\/v2\/users\/1"}],"replies":[{"embeddable":true,"href":"https:\/\/www.vodnymlynkovacova.sk\/hu\/wp-json\/wp\/v2\/comments?post=1394"}],"version-history":[{"count":24,"href":"https:\/\/www.vodnymlynkovacova.sk\/hu\/wp-json\/wp\/v2\/pages\/1394\/revisions"}],"predecessor-version":[{"id":1985,"href":"https:\/\/www.vodnymlynkovacova.sk\/hu\/wp-json\/wp\/v2\/pages\/1394\/revisions\/1985"}],"wp:attachment":[{"href":"https:\/\/www.vodnymlynkovacova.sk\/hu\/wp-json\/wp\/v2\/media?parent=1394"}],"curies":[{"name":"wp","href":"https:\/\/api.w.org\/{rel}","templated":true}]}}

Támogasson minket (2 %)

<div class="wpb-content-wrapper"><div class="vc_row wpb_row vc_row-fluid vc_custom_1556484376874"><div class="wpb_column vc_column_container vc_col-sm-12"><div class="vc_column-inner"><div class="wpb_wrapper"><div class="cz_gap clr" style="height: 20px"></div></div></div></div></div><div class="vc_row wpb_row vc_row-fluid vc_custom_1773938155594"><div class="wpb_column vc_column_container vc_col-sm-12"><div class="vc_column-inner"><div class="wpb_wrapper">
	<div class="wpb_text_column wpb_content_element vc_custom_1774345490156" >
		<div class="wpb_wrapper">
			<h2 style="text-align: center;"><span style="font-family: Verdana;">Támogasson minket 2%</span></h2>
<p>&nbsp;</p>
<p><span style="font-family: Verdana; color: #654321; font-size: 22px;"><b>Támogassa munkánkat – segítsen megőrizni a vízimalmot</b></span></p>
<p><span style="font-family: Verdana; color: #654321;"><span style="font-size: large;"><b>A Kiskovácsvágási vízimalom</b></span><span style="font-size: large;"> civil szervezetként működik, amely 2020. január 21-én alakult. Célunk </span><span style="font-size: large;"><b>őseink kulturális értékeinek és hagyományainak megőrzése,</b></span><span style="font-size: large;"> különösen </span><span style="font-size: large;"><b>a vízimalom fenntartása,</b></span><span style="font-size: large;"> hogy az a jövő generációi számára is fennmaradjon.</span></span></p>
<p><span style="font-family: Verdana; color: #654321; font-size: 22px;"><b>Miért érdemes támogatni minket?</b></span></p>
<p><span style="font-family: Verdana; color: #654321;"><span style="font-size: large;">Az Ön támogatása segít többek között:</span></span></p>
<ul style="margin-bottom: 30px;">
<li><span style="font-family: Verdana; color: #654321;"><span style="font-size: large;">a malom és a műszaki berendezések karbantartásában és javításában</span></span></li>
<li><span style="font-family: Verdana; color: #654321;"><span style="font-size: large;">a kiállítás megújításában és fejlesztésében</span></span></li>
<li><span style="font-family: Verdana; color: #654321;"><span style="font-size: large;">oktatási, kulturális és közösségi programok szervezésében (hagyományok és mesterségek)</span></span></li>
</ul>
<p><span style="font-family: Verdana; color: #654321; font-size: 22px;"><b>Adója 2%-a</b></span></p>
<p><strong><span style="font-family: Verdana; color: #654321;"><span style="font-size: large;">A kedvezményezett adatai:</span></span></strong></p>
<p><span style="font-family: Verdana; color: #654321;"><span style="font-size: large;">Név: </span><span style="font-size: large;"><b>VODNÝ MLYN KOVÁČOVÁ</b></span><span style="font-size: large;"><br />
IČO: 52916430<br />
Székhely: Kováčová 60, 049 42 Kováčová, Szlovákia</span></span></p>
<p><span style="font-family: Verdana; color: #654321; font-size: 22px;"><b>Hogyan ajánlhatja fel adója 2%-át?</b></span></p>
<p><span style="font-family: Verdana; color: #654321;"><span style="font-size: large;"><b>Alkalmazottként:</b></span></span></p>
<ol style="margin-bottom: 25px;color: #654321;">
<li><span style="font-family: Verdana; color: #654321;"><span style="font-size: large;">Kérje munkáltatójától </span><span style="font-size: large;"><b>az adó befizetéséről szóló igazolást</b></span><span style="font-size: large;">.</span></span></li>
<li><span style="font-family: Verdana; color: #654321;"><span style="font-size: large;">Töltse ki a </span><span style="font-size: large;"><b>nyilatkozatot az adó 2%-ának felajánlásáról.</b></span></span></li>
<li><span style="font-family: Verdana; color: #654321;"><span style="font-size: large;">A dokumentumokat adja le az </span><span style="font-size: large;"><b>adóhivatalnál</b></span><span style="font-size: large;"> az aktuális határidőn belül.</span></span></li>
<li><span style="font-family: Verdana; color: #654321;"><span style="font-size: large;">Űrlap letöltése: </span><span style="font-size: large;"><b>Nyilatkozat az adó 2%-ának felajánlásáról (PDF)</b></span></span></li>
</ol>
<p><span style="font-family: Verdana; color: #654321;"><span style="font-size: large;"><b>Vállalkozóként / cégként:</b></span></span></p>
<ol style="margin-bottom: 25px;color: #654321;">
<li><span style="font-family: Verdana; color: #654321;"><span style="font-size: large;">Az adóbevallásban töltse ki a kedvezményezett adatait (2%).</span></span></li>
<li><span style="font-family: Verdana; color: #654321;"><span style="font-size: large;">Nyújtsa be az </span><span style="font-size: large;"><b>adóbevallást.</b></span></span></li>
</ol>
<p><span style="font-family: Verdana; color: #654321;"><span style="font-size: large;"><b>Megjegyzés:</b></span><span style="font-size: large;"> Ha segítségre van szüksége a kitöltéshez, nyugodtan hívjon minket – szívesen segítünk.</span></span></p>
<p><span style="font-family: Verdana; color: #654321; font-size: 22px;"><b>Adomány bankszámlára</b></span></p>
<p><span style="font-family: Verdana; color: #654321;"><span style="font-size: large;">Ha közvetlenül szeretné támogatni munkánkat (akár külföldről is), adományát az alábbi számlára utalhatja:</span></span></p>
<p><span style="font-family: Verdana; color: #654321;"><span style="font-size: large;"><b>IBAN:</b></span><span style="font-size: large;"> SK56 8330 0000 0020 0194 5128<br />
</span><span style="font-size: large;"><b>BIC/SWIFT:</b></span><span style="font-size: large;"> FIOZSKBAXXX<br />
</span><span style="font-size: large;"><b>Bank:</b></span><span style="font-size: large;"> Fio banka, a.s., külföldi bankfiók</span></span></p>
<p><span style="font-family: Verdana; color: #654321;"><span style="font-size: large;"><b>Közlemény:</b></span><span style="font-size: large;"> Adomány – Vodný mlyn Kováčová</span></span></p>
<h2></h2>
<p>&nbsp;</p>
<h2 style="text-align: center;"><span style="font-family: Verdana; color: #654321;"><span style="font-size: 40px;"><b>Köszönjük</b></span></span></h2>
<p>&nbsp;</p>
<p style="text-align: left;"><span style="font-family: Verdana; color: #654321;"><span style="font-size: large;">Minden felajánlott </span><span style="font-size: large;"><b>2%</b></span><span style="font-size: large;"> és minden adomány hozzájárul ahhoz, hogy a vízimalom </span><span style="font-size: large;"><b>élő örökség maradjon a következő generációk számára</b></span><span style="font-size: large;">. Köszönjük támogatását!</span></span></p>
<p style="text-align: left;"><span style="font-family: Verdana; color: #654321;"><span style="font-size: large;"><b>A civil szervezetről</b></span></span></p>
<p style="text-align: left;"><span style="font-family: Verdana; color: #654321;"><span style="font-size: large;">A Vodný mlyn Kováčová civil szervezet 2020. január 21-én jött létre. Küldetésünk:</span></span></p>
<ul style="text-align: left;">
<li><span style="font-family: Verdana; color: #654321;"><span style="font-size: large;">a hagyományok újjáélesztése és őseink kulturális örökségének megőrzése</span></span></li>
<li><span style="font-family: Verdana; color: #654321;"><span style="font-size: large;">oktatási és kulturális-közösségi programok szervezése a népi hagyományok és mesterségek területén</span></span></li>
<li><span style="font-family: Verdana; color: #654321;"><span style="font-size: large;">a regionális turizmus támogatása és fejlesztése, valamint a térség pozitív bemutatása</span></span></li>
</ul>
<p>&nbsp;</p>

		</div>
	</div>
</div></div></div></div><div class="vc_row wpb_row vc_row-fluid"><div class="wpb_column vc_column_container vc_col-sm-6"><div class="vc_column-inner"><div class="wpb_wrapper">
	<div  class="wpb_single_image wpb_content_element vc_align_center wpb_content_element">
		
		<figure class="wpb_wrapper vc_figure">
			<div class="vc_single_image-wrapper   vc_box_border_grey"><img decoding="async" width="320" height="284" src="https://www.vodnymlynkovacova.sk/wp-content/uploads/2026/03/320megvalosult.jpg" class="vc_single_image-img attachment-full" alt="320megvalosult" srcset="https://www.vodnymlynkovacova.sk/wp-content/uploads/2026/03/320megvalosult.jpg 320w, https://www.vodnymlynkovacova.sk/wp-content/uploads/2026/03/320megvalosult-300x266.jpg 300w, https://www.vodnymlynkovacova.sk/wp-content/uploads/2026/03/320megvalosult-14x12.jpg 14w" sizes="auto, (max-width: 320px) 100vw, 320px" loading="lazy" title=""></div>
		</figure>
	</div>
</div></div></div><div class="wpb_column vc_column_container vc_col-sm-6"><div class="vc_column-inner"><div class="wpb_wrapper">
	<div  class="wpb_single_image wpb_content_element vc_align_center wpb_content_element">
		
		<figure class="wpb_wrapper vc_figure">
			<div class="vc_single_image-wrapper   vc_box_border_grey"><img decoding="async" width="320" height="284" src="https://www.vodnymlynkovacova.sk/wp-content/uploads/2026/03/320gabor.jpg" class="vc_single_image-img attachment-full" alt="320db" srcset="https://www.vodnymlynkovacova.sk/wp-content/uploads/2026/03/320gabor.jpg 320w, https://www.vodnymlynkovacova.sk/wp-content/uploads/2026/03/320gabor-300x266.jpg 300w, https://www.vodnymlynkovacova.sk/wp-content/uploads/2026/03/320gabor-14x12.jpg 14w" sizes="auto, (max-width: 320px) 100vw, 320px" loading="lazy" title=""></div>
		</figure>
	</div>
</div></div></div></div>
</div>

Podporte nás 2% &nbsp; Podporte nás – pomôžte zachovať mlyn Vodný mlyn Kováčová je občianske združenie založené 21. 1. 2020.
